3
Suppose 484 = 23*m - 460 - 114. Calculate the remainder when 3490 is divided by m.
40
Let p(w) = 2*w + 49. Let l be p(-11). Suppose -l = i - 5. Let y = 100 + i. What is the remainder when y is divided by 10?
8
Let q(z) = 3*z**3 + 6*z**2 - 4. Let p be q(4). Suppose 2*d = -u + 289, 2*d - u - p = -3*u. What is the remainder when d is divided by 38?
33
Calculate the remainder when 319 is divided by (-270)/6*8/(-20).
13
Let s(q) = 3826*q**3 - q**2 - 11*q + 9. What is the remainder when s(2) is divided by 211?
207
Let n(o) = -217*o - 1038. What is the remainder when 254 is divided by n(-5)?
19
Suppose 8 = 4*q - 8, 3*y = -5*q + 233. What is the remainder when 300 is divided by y?
16
Let g(r) = 179 - 53*r + 47*r + 203 - 108. What is the remainder when g(23) is divided by 64?
8
Suppose -50*m = -2237 + 787. What is the remainder when 31 is divided by m?
2
Suppose -3*f - 2*o = 2*f - 14229, 5*o - 5700 = -2*f. Calculate the remainder when f is divided by 178.
175
Suppose 139*h - 134*h - 510 = 0. Calculate the remainder when 565 is divided by h.
55
Suppose 5*o + 3 = 33. Let a be ((-50)/35)/(-2 + 65/35). Suppose -a*v + 85 = -325. What is the remainder when v is divided by o?
5
Suppose -10*d = 16*d - 27*d + 1318. Calculate the remainder when d is divided by 298.
126
Let d(l) = 6*l**2 + 2*l + 2. Let f be d(-1). Suppose 0 = -4*j + 2*j + 120. What is the remainder when j is divided by ((-16)/f)/((-8)/48)?
12
Suppose 3*g = 12, 0*g = -d - 4*g + 95. Let y = d - -71. Calculate the remainder when y is divided by 40.
30
Calculate the remainder when 952 is divided by 244/1 + 6 - (-36 + 45).
229
Let g be ((-50)/100)/(2/24). Calculate the remainder when 114*g/54*3/(-2) is divided by 12.
7
Suppose 0 = -a - 4*q + 65, 5*a + q - 505 + 161 = 0. Calculate the remainder when 218 is divided by a.
11
Let z be (-9 - 2)/((-8)/48). Let x = -87 + z. What is the remainder when 209 is divided by x/((-35)/10 + 3)?
41
Let o = 5335 - 5064. Calculate the remainder when o is divided by 5.
1
Suppose 74*x - 120 = 70*x. Suppose 7*p + 9 = x. Suppose -6*v = p*k - 2*v - 54, 4*k - 5*v = 72. Calculate the remainder when 35 is divided by k.
17
Let k = 1 - 6. Let u(c) = c**3 - 108*c**2 - 2*c + 220. What is the remainder when 5/k - (0 + -14) is divided by u(108)?
1
Let v = 5 - -24. Let l(b) = -b**3 - 50*b**2 - 47*b + 183. Calculate the remainder when l(-49) is divided by v.
27
Let x(u) = u**3 - 24*u**2 - 31*u + 759. What is the remainder when 464 is divided by x(24)?
14
Suppose 2*o - 111 = 5*v, -2*o - 2*v + 90 = -0. What is the remainder when o is divided by -2 - (-11 - -13) - -9*2?
6
Let f = 35581 - 35310. What is the remainder when 1898 is divided by f?
1
Suppose -30*g + 3*r + 283 = -25*g, 2*r - 126 = -2*g. What is the remainder when 117 is divided by g?
58
Let k = 12701 + -12654. Suppose 5*c = -26 - 49. Let f = c - -27. Calculate the remainder when k is divided by f.
11
Suppose -3*j + 5*q + 184 = 0, -196*q + 96 = 2*j - 194*q. What is the remainder when 59 is divided by j?
6
Let h = -66 + 120. Suppose -3*j - 149 + h = -5*v, -5*j = 0. What is the remainder when 101 is divided by v?
6
Let a(k) = k + 4. Suppose 0 = -11*d - 49 - 567. Let f = -44 - d. What is the remainder when f is divided by a(3)?
5
Let k be (-4)/12 + 676/12. Suppose -5*a + k = -3*a. Let y = 61 - -50. What is the remainder when y is divided by a?
27
Suppose -5*r - 3*o = -4278 + 863, -r = o - 685. Calculate the remainder when r is divided by 21.
8
Suppose 22 + 53 = 5*c. Let w(m) = 2*m**3 - 18*m**2 - 22*m + 21. Let z be w(10). Let x = z + c. What is the remainder when x is divided by 10?
6
Suppose 0 = 3*d + 4*j - 650, 0 = -3*d + j + 3*j + 610. Let g = d + -199. What is the remainder when 43 is divided by g?
10
Suppose -41 + 245 = -4*m. Let c = 87 + m. Calculate the remainder when c is divided by 20 - (-1)/2*-2.
17
Let d(i) = 4*i**2 + 20*i - 6. Calculate the remainder when 205 is divided by d(5).
11
Let o(f) = f**2 - 8*f + 5. Let m be 7/(7/(-4)) + 16. Suppose 2*y - 5*t = -2*y + m, 0 = 3*y - 3*t - 12. What is the remainder when 9 is divided by o(y)?
4
Let u = 151 + -39. Suppose 0 = 2436*d - 2421*d - 285. Calculate the remainder when u is divided by d.
17
Suppose 0 = -5*z - d + 264 + 275, 3*z + 3*d = 321. Let v = -786295 - -786616. What is the remainder when v is divided by z?
105
Let g(v) = -v**3 - 13*v**2 - v + 26. Suppose -p + 0*z + 76 = 2*z, 2*z + 356 = 5*p. Suppose -p = 5*m - 7. Calculate the remainder when g(m) is divided by 14.
11
Let d = -52 + 111. Let b = -10635 - -10644. Calculate the remainder when d/4*(4 + 0) is divided by b.
5
Let m(n) = -10*n - 18. Let u be m(-17). Calculate the remainder when (-91)/26*u/(-14) is divided by ((-4)/7)/(145/(-2030)).
6
Let h = 13 - -1. Let f(v) = 18*v + 1688. What is the remainder when f(-91) is divided by h?
8
Let l(k) = 13*k - 357. Let i = -483 + 515. What is the remainder when l(i) is divided by 34?
25
Let m = -14361 + 26340. Let k = 100 + -50. Calculate the remainder when k is divided by m/693 - (-4)/(-14).
16
Suppose 2385 = 27*g - 555 - 813. What is the remainder when 1178 is divided by g?
66
Let o(m) = -4*m**3 + 35*m**2 + 18*m - 151. What is the remainder when o(5) is divided by 151?
12
Calculate the remainder when 3176 is divided by (2 - 3)*30*(-94)/282.
6
Suppose 0 = g - 3*x, -g - 4*x + 0*x = -21. What is the remainder when (130/(-13) - (-23536)/120) + (-18)/135 is divided by g?
6
Let j(w) = -w**3 + 5*w**2 + 12*w + 14. Let v be j(10). Let n = 376 + v. What is the remainder when 96 is divided by n?
6
What is the remainder when 365 is divided by 38 + -21 + 0/(-2)?
8
Suppose 470 = 12*x - 1762. Suppose -34*i = -40*i + x. Calculate the remainder when i is divided by 14.
3
Let h(y) = 38*y**2 - 1050*y - 106. What is the remainder when 4002 is divided by h(28)?
284
Let n = 2036 + -965. What is the remainder when n is divided by 90?
81
Suppose 5*t - 4*p = 4870, -4*t + 8*t - 3*p - 3897 = 0. Let o = 2331 - 2321. What is the remainder when t is divided by o?
8
Suppose 3*s - 35 + 96 = -f, s + 31 = 5*f. What is the remainder when 244 is divided by 6/s + 1380/28?
48
Let t(v) = -4*v - 51. Let j = 18 - 34. Calculate the remainder when 2 - 0 - (-54 - -5) is divided by t(j).
12
Let q = -29 - -122. Suppose -3*w + p = -34, 5*w - 2*p - 1 - 55 = 0. Calculate the remainder when q is divided by w.
9
Let v(f) = -f**2 + f + 21. Suppose -5*d + 49 = 2*h, -h + 63 = -36*d + 35*d. What is the remainder when h is divided by v(0)?
10
Suppose 5*x - 769 = -4*n, 0 = 2*n - 165*x + 164*x - 395. Calculate the remainder when 963 is divided by n.
179
Let z be 39*((-47)/(-3) + -8). Let k = z - 287. Calculate the remainder when 383 is divided by k.
11
Let w = 170 - 160. Let t = w + 45. What is the remainder when 218 is divided by t?
53
Let h(o) = -6*o - 13. Let q(z) = -4*z + 10*z + 5 + 22 + 6*z. Let c(u) = -13*h(u) - 6*q(u). What is the remainder when 51 is divided by c(1)?
12
What is the remainder when 334 is divided by (340/12)/(99/(-27) + 4)?
79
Let m = 10 - -196. Let l = m + -140. Calculate the remainder when 123 is divided by l.
57
Let x(o) = 7*o - 30. Suppose r + t + 3*t = 90, 4*r + t = 315. Calculate the remainder when (84/18)/(4/r) is divided by x(7).
15
Suppose 3835 + 5189 - 2483 = 31*l. Calculate the remainder when 1687 is divided by l.
210
Let i(q) = q**3 + 6*q**2 + 16*q + 79. What is the remainder when 83 is divided by i(-5)?
11
Suppose 5*n = -3*f + 4, 2*n + 3*n - 6 = -2*f. Let r be 12/2 + -4 + -3. What is the remainder when 3*r*(-3 - n) is divided by 9?
6
Suppose 29*k = 31*k - 140. What is the remainder when 53 is divided by (-5)/(k/4) + 1122/154?
4
Let j(b) = -158*b - 1. What is the remainder when j(-3) is divided by 35/(-10) + (-7095)/(-86)?
78
Suppose -3*x - 12*c + 13*c = -27, -5*c + 115 = 10*x. Calculate the remainder when 679 is divided by x.
9
Let m = 96 + -195. Calculate the remainder when 6*3/(-27)*m is divided by 34.
32
Let s = -3 - -5. Suppose -s*c = -0 + 2. Let w(a) = -52*a - 1. Calculate the remainder when w(c) is divided by 13.
12
Let h(g) = -g**3 - 36*g**2 - 228*g + 124. Calculate the remainder when h(-32) is divided by 95.
94
Suppose 469*x - 624 = 2482 + 8150. Let c(w) = 42*w - 1. Calculate the remainder when c(2) is divided by x.
11
Suppose -131*t + 76435 = 32174 - 42723. Calculate the remainder 